{"id":1870,"date":"2018-08-08T17:10:45","date_gmt":"2018-08-08T15:10:45","guid":{"rendered":"http:\/\/sv-lengede.de\/kbl\/?page_id=1870"},"modified":"2025-09-01T21:41:28","modified_gmt":"2025-09-01T19:41:28","slug":"anmeldung","status":"publish","type":"page","link":"https:\/\/sv-lengede.de\/kbl\/jugend\/anmeldung\/","title":{"rendered":"4. Niedersachsen-Kubb-Jugend-Meisterschaft (4. NKJM) &#8211; 2025-09-13"},"content":{"rendered":"\n<p><\/p>\n\n\n<p><strong>Wann<\/strong>: 13. September 2025<br \/><strong>Wo<\/strong>: SV Lengede, 38268 Lengede, Schachtweg 1<br \/><strong>Wer<\/strong>: Jahrgang 2010 oder j\u00fcnger<br \/><strong>Teamgr\u00f6\u00dfe<\/strong>: 2-6 Spielerinnen\/Spieler pro Team<br \/><strong>Anmeldung online<\/strong>\u00a0bis zum 13.09.2025, 11:00 Uhr<br \/><strong>Anmeldung vor Ort<\/strong>\u00a0bis zum 13.09.2025, 11:00 Uhr<br \/><strong>Registrierung<\/strong>\u00a0<strong>am Spieltag<\/strong>\u00a0der online angemeldeten Spielerinnen\/Spieler\/Teams am 09.9.2023 von 09:30-10:30 Uhr<br \/><strong>Anmeldegeb\u00fchren<\/strong>\u00a0erheben wir nicht.<br \/><strong>Beginn<\/strong>\u00a0der NKJM am 13.09.2025 um 11:00 Uhr<\/p>\n<p>Genauso herzlich willkommen wie\u00a0<strong>Teams<\/strong>\u00a0sind\u00a0<strong>einzelne Spielerinnen und Spieler<\/strong>, die wir dann zu Mannschaften zusammenstellen werden \u2013 Kubb verbindet Menschen.<\/p>\n<p>Eine Altersgrenze nach unten gibt es nicht. Im Bedarfsfall werden wir Altersklassen bilden.<\/p>\n<p>Gespielt wird nach dem\u00a0<a href=\"http:\/\/dkubbb.de\/der-dkubbb\/regelwerk\/\" target=\"_blank\" rel=\"noopener noreferrer\">Regelwerk des DKubbB<\/a>, das wir an die Bed\u00fcrfnisse der Leistungsf\u00e4higkeiten anpassen.<\/p>\n<p>Zahlreiche Zuschauer, erfahrene Spieler und ein abwechslungsreiches Catering geben der Meisterschaft einen sch\u00f6nen Rahmen, denn die Jugend-Meisterschaft wird r\u00e4umlich und zeitlich parallel zu den lengeder kubb open ausgetragen.<br \/><br \/>Zu weiteren Informationen und\u00a0<a href=\"https:\/\/www.tournaments.dkubbb.de\/tournaments\/43\" target=\"_blank\" rel=\"noopener\">zur ANMELDUNG geht es hier<\/a>.<\/p>\n<p>Herzlich willkommen!<\/p>","protected":false},"excerpt":{"rendered":"<p>Wann: 13. September 2025Wo: SV Lengede, 38268 Lengede, Schachtweg 1Wer: Jahrgang 2010 oder j\u00fcngerTeamgr\u00f6\u00dfe: 2-6 Spielerinnen\/Spieler pro TeamAnmeldung online\u00a0bis zum 13.09.2025, 11:00 UhrAnmeldung vor Ort\u00a0bis zum 13.09.2025, 11:00 UhrRegistrierung\u00a0am Spieltag\u00a0der online angemeldeten Spielerinnen\/Spieler\/Teams am 09.9.2023 von 09:30-10:30 UhrAnmeldegeb\u00fchren\u00a0erheben wir nicht.Beginn\u00a0der&#8230;<\/p>\n","protected":false},"author":1,"featured_media":0,"parent":1891,"menu_order":0,"comment_status":"closed","ping_status":"closed","template":"template-fullwidth.php","meta":{"footnotes":""},"class_list":["post-1870","page","type-page","status-publish","hentry","no-post-thumbnail"],"post_mailing_queue_ids":[],"_links":{"self":[{"href":"https:\/\/sv-lengede.de\/kbl\/wp-json\/wp\/v2\/pages\/1870","targetHints":{"allow":["GET"]}}],"collection":[{"href":"https:\/\/sv-lengede.de\/kbl\/wp-json\/wp\/v2\/pages"}],"about":[{"href":"https:\/\/sv-lengede.de\/kbl\/wp-json\/wp\/v2\/types\/page"}],"author":[{"embeddable":true,"href":"https:\/\/sv-lengede.de\/kbl\/wp-json\/wp\/v2\/users\/1"}],"replies":[{"embeddable":true,"href":"https:\/\/sv-lengede.de\/kbl\/wp-json\/wp\/v2\/comments?post=1870"}],"version-history":[{"count":36,"href":"https:\/\/sv-lengede.de\/kbl\/wp-json\/wp\/v2\/pages\/1870\/revisions"}],"predecessor-version":[{"id":4220,"href":"https:\/\/sv-lengede.de\/kbl\/wp-json\/wp\/v2\/pages\/1870\/revisions\/4220"}],"up":[{"embeddable":true,"href":"https:\/\/sv-lengede.de\/kbl\/wp-json\/wp\/v2\/pages\/1891"}],"wp:attachment":[{"href":"https:\/\/sv-lengede.de\/kbl\/wp-json\/wp\/v2\/media?parent=1870"}],"curies":[{"name":"wp","href":"https:\/\/api.w.org\/{rel}","templated":true}]}}