{"id":2508,"date":"2020-01-18T08:01:05","date_gmt":"2020-01-18T07:01:05","guid":{"rendered":"http:\/\/sv-lengede.de\/kbl\/?page_id=2508"},"modified":"2025-06-03T09:44:31","modified_gmt":"2025-06-03T07:44:31","slug":"lengeder-kubb-cup-2","status":"publish","type":"page","link":"http:\/\/sv-lengede.de\/kbl\/lengeder-kubb-cup-2\/","title":{"rendered":"9. LKC &#8211; 2026-05-05 &#8211; Infos"},"content":{"rendered":"\n<p>Ein Mal im Jahr ein Kubb-Turnier \u201eunter uns&#8220;. Der Lengeder KUBB-CUP ist eine Veranstaltung, bei der sich die Kubb-Freundinnen und -Freunde der Gemeinde Lengede untereinander messen k\u00f6nnen. <\/p>\n\n\n\n<p><strong>Spielberechtigt <\/strong>sind alle, die in der Gemeinde Lengede wohnen bzw. arbeiten oder einem Lengeder Verein oder einer Lengeder Vereinigung angeh\u00f6ren. <strong>Ein Team besteht aus mindestens drei Personen<\/strong>.<\/p>\n\n\n\n<p>In Lengede spielen wir immer nach den <strong>Regeln&nbsp;es Deutschen Kubb-Bundes<\/strong> (DKubbB). Maximal 20 Teams k\u00f6nnen teilnehmen.<\/p>\n\n\n\n<p>Wir treffen uns am <strong>Dienstag, den 05.05.2026<\/strong>, auf dem <strong>Integrationsfeld des SV Lengede am Schachtweg<\/strong> zwischen A- und B-Platz.<\/p>\n\n\n\n<p>Mit der Anmeldung des Teams wird f\u00fcr jedes Teammitglied das Einverst\u00e4ndnis erkl\u00e4rt, dass Fotos, auf denen es unter Umst\u00e4nden zu sehen ist, ver\u00f6ffentlicht werden k\u00f6nnen. M\u00f6glich w\u00e4re dies u.a. in der Presse, auf www.sv-lengede.de und auf der facebook-Seite Lengeder kubb open. <\/p>\n\n\n\n<p>Hilfreich und notwendig f\u00fcr einen gelungenen Start in das Turnier ist es, dass mindestens ein Teammitglied bis um <strong>17.30 Uhr f\u00fcr die Registrierung<\/strong> zum Infostand kommt. Die Startgeb\u00fchr betr\u00e4gt 2\u20ac\/Person.<\/p>\n\n\n\n<p>Anschlie\u00dfend kann jede Mannschaft ein Team-Foto von sich schie\u00dfen lassen. Im Rahmen der Begr\u00fc\u00dfung um 17.45 Uhr stellen wir uns wieder ALLE f\u00fcr ein <strong>KUBB-CUP-Foto<\/strong> zusammen.<\/p>\n\n\n\n<p>Die ersten Wurfh\u00f6lzer fliegen sp\u00e4testens <strong>um 18.00 Uhr<\/strong>.<\/p>\n\n\n\n<p>Die drei Erstplatzieren erhalten einen &#8222;<strong>Pokal<\/strong>&#8222;. Und zum zweiten Mal wird ein Wanderpokal unter allen teilnehmenden Teams ausgelost.<\/p>\n\n\n\n<p><\/p>\n","protected":false},"excerpt":{"rendered":"<p>Ein Mal im Jahr ein Kubb-Turnier \u201eunter uns&#8220;. Der Lengeder KUBB-CUP ist eine Veranstaltung, bei der sich die Kubb-Freundinnen und -Freunde der Gemeinde Lengede untereinander messen k\u00f6nnen. Spielberechtigt sind alle, die in der Gemeinde Lengede wohnen bzw. arbeiten oder einem&#8230;<\/p>\n","protected":false},"author":1,"featured_media":0,"parent":0,"menu_order":0,"comment_status":"closed","ping_status":"closed","template":"template-fullwidth.php","meta":{"footnotes":""},"class_list":["post-2508","page","type-page","status-publish","hentry","no-post-thumbnail"],"post_mailing_queue_ids":[],"_links":{"self":[{"href":"http:\/\/sv-lengede.de\/kbl\/wp-json\/wp\/v2\/pages\/2508","targetHints":{"allow":["GET"]}}],"collection":[{"href":"http:\/\/sv-lengede.de\/kbl\/wp-json\/wp\/v2\/pages"}],"about":[{"href":"http:\/\/sv-lengede.de\/kbl\/wp-json\/wp\/v2\/types\/page"}],"author":[{"embeddable":true,"href":"http:\/\/sv-lengede.de\/kbl\/wp-json\/wp\/v2\/users\/1"}],"replies":[{"embeddable":true,"href":"http:\/\/sv-lengede.de\/kbl\/wp-json\/wp\/v2\/comments?post=2508"}],"version-history":[{"count":43,"href":"http:\/\/sv-lengede.de\/kbl\/wp-json\/wp\/v2\/pages\/2508\/revisions"}],"predecessor-version":[{"id":4184,"href":"http:\/\/sv-lengede.de\/kbl\/wp-json\/wp\/v2\/pages\/2508\/revisions\/4184"}],"wp:attachment":[{"href":"http:\/\/sv-lengede.de\/kbl\/wp-json\/wp\/v2\/media?parent=2508"}],"curies":[{"name":"wp","href":"https:\/\/api.w.org\/{rel}","templated":true}]}}